 10*o - 14. Let b(f) = y*r(f) - 6*z(f). Give b(-6).
10
Let j(y) = -14*y + 32. Let b(p) = -p - 1. Let r(i) = 3*b(i) + j(i). Let z(h) = -32*h + 54. Let f(w) = 11*r(w) - 6*z(w). Determine f(-9).
-50
Let j be (119/(-14) - -6)*1/(-1)*2. Let r(z) = -4*z + 3. Calculate r(j).
-17
Let x(w) = -6*w + 1. Let i = -3701 + 3703. What is x(i)?
-11
Let s(h) = 2*h**2 - 9*h + 7. Suppose x + 13 = -2*n + 4, 36 = -5*x - n. Let i(u) = -2*u - 11. Let p be i(x). Give s(p).
-2
Let d(k) = -k**2 - 5*k - 3. Suppose 11*s = -612 + 2900. Let c = s - 214. What is d(c)?
-9
Let b(r) = -r**3 - r**2 - r - 2. Suppose 5*z + i = 5, -5*z = 3*i + 7 - 2. Let o = -959 - -957. Let h be (4/z - -2)/o. What is b(h)?
4
Let g(q) = q**2 - 80*q - 341. Let o be g(-4). Let v(a) = -3*a**2 - 11*a. Calculate v(o).
-20
Let m(f) = f**3 - 2*f**2 + 6. Let x = 3532 - 3532. Give m(x).
6
Let m(w) be the second derivative of w**3/3 + 11*w**2/2 - 8*w. Let o be m(-4). Let y(d) = -32*d**o - 1 - 6*d**2 - 7*d + 15*d**3 + 18*d**3. Determine y(7).
-1
Let q(c) = -2*c - 13. Let y = -756 - -759. Suppose 0 = 4*t - y*p + 42, 16*t - 3*p - 21 = 19*t. Give q(t).
5
Let z(g) be the third derivative of g**5/20 - g**3/6 + 2*g**2 + 209*g - 3. Give z(-3).
26
Let w(s) = -3*s**2 - 7*s + 2. Let x(g) = -g**2 - 10*g + 6. Let h(m) = -11*m + 7. Let f(p) = 3*h(p) - 4*x(p). Let u(n) = -2*f(n) - 3*w(n). What is u(-6)?
-6
Let m = -54 + 51. Let g be 16/(-72) - 4/(-18) - m. Let t(l) = -2 + 3 + l + l - 2*l**2 + 0. What is t(g)?
-11
Let i be (66/44)/((-26)/32 + 1). Let z(k) = k - 18 + 12 + i. What is z(3)?
5
Let u(j) = 14714*j + 30 + 0 - j**2 - 14725*j. What is u(-13)?
4
Let g be ((-90)/24)/((-3)/4). Let d(t) be the first derivative of t**3/3 - 7*t**2/2 + 34*t - 3. Let w(s) be the first derivative of d(s). Give w(g).
3
Let k(m) = -m**3 - 16*m - 4. Let y(b) = -102 - b**3 + 46 + b**2 - 18*b + 52. Let s(t) = -6*k(t) + 5*y(t). Determine s(-4).
-4
Let g be ((-27)/15)/3 + (-504)/60. Let u(l) = -4*l - 42. Determine u(g).
-6
Let b(j) = 7*j**2 - j + 1. Let h be b(1). Let y(l) be the first derivative of -l**3/3 + 4*l**2 - 10*l - 19340. What is y(h)?
-3
Let b(y) be the second derivative of -y**4/6 + y**3/3 + y**2 - 18*y - 123. What is b(-2)?
-10
Let u(y) = -y**2 - y - 1. Let l(a) = -9*a**2 + 8*a + 11. Let z(c) = -l(c) - 8*u(c). Determine z(-1).
14
Let f(p) = 8*p + 25. Let l be f(-5). Let o = l + 17. Let x(k) = 0 - 3 + 5*k - k**o + k. What is x(4)?
5
Suppose 3*c - c = 6. Let p(b) = -b**2 + 0*b**3 - 5*b**3 + 2*b**3 + 2*b**c + 5*b + 7 - 4. Calculate p(-3).
6
Let o(a) = 67*a + 124. Let f(u) = -19*u - 42. Let w(c) = 7*f(c) + 2*o(c). Determine w(6).
-40
Let n(y) = -y**2 - 6. Suppose -5*s - 4*z + 45 = 0, -4*s - z = s - 45. Let v = 336 - 336. Suppose v*o - s = 5*o + 3*c, 3 = -o - c. Determine n(o).
-6
Let a be (791/113)/(1 + 0). Let y(j) = j**3 - 6*j**2 - 3*j - 9. What is y(a)?
19
Let z(c) = c**2 + 24*c - 80. Suppose -83*i + 90*i = -92*i - 2673. Calculate z(i).
1
Let o(d) be the second derivative of -5/2*d**2 + 0 + 59*d + 1/3*d**3. Calculate o(6).
7
Let o be (2 + 12/(-15))/(2/10). Let x be (-296)/64 - o/16. Let j(n) be the first derivative of n**4/4 + 4*n**3/3 - 2*n**2 + 2*n - 3. Determine j(x).
-3
Suppose 50*t - 3*t + 4*b = 145, -b + 10 = 3*t. Let m(o) be the third derivative of -o**5/60 + o**4/6 + o**2. What is m(t)?
3
Let i(j) = 19*j - 191. Let n(d) = 113*d - 1143. Let r(b) = -23*i(b) + 4*n(b). Calculate r(12).
1
Suppose -2*f = 2*f - 56. Let x(o) = -f*o**2 - 8*o + 4*o**2 - o**3 + 11 + 0*o + 0*o. Let c be x(-9). Let n(h) = -3*h + 1. What is n(c)?
-5
Let y(a) = 35*a**3 - 26*a**2 - 43*a - 83. Let i(n) = -44*n**3 + 27*n**2 + 47*n + 83. Let k(x) = 4*i(x) + 5*y(x). What is k(-21)?
43
Let y(z) = z**2 + 9*z + 5. Suppose 0*p - 64 = -4*p. Suppose 0 = 5*s - 4*j + p + 29, 5*j + 45 = -5*s. Calculate y(s).
5
Let z(r) = -3*r**2. Let m = -293 - -297. Suppose -4*u - m*d = 0, 0 = -4*d + d - 3. What is z(u)?
-3
Let u = 2019 + -2025. Let z(f) = 9*f + 28. Calculate z(u).
-26
Let o(l) = -l - 26. Let k be 1*-1*3/(-21)*0. Suppose k = 11*z - 16*z. Calculate o(z).
-26
Suppose 41*g - 547 = -629. Let d(v) = v**3 - 4*v**2 - 8*v - 9. What is d(g)?
-17
Let p = 280 - 278. Let b(f) = 15*f**2 - 4 - 2*f - 3 + 3 - 16*f**p. Give b(-4).
-12
Let w(u) be the first derivative of -7/2*u**2 + 1/4*u**4 - 30 + 4/3*u**3 - 4*u. Suppose 4*i - t + 2*t + 20 = 0, -4*t - 20 = 4*i. What is w(i)?
6
Let f(i) = -30 + 11*i + 39*i**3 + 15*i - 38*i**3 + 29*i**2 - 13*i**2. Determine f(-14).
-2
Let a(y) = y**2 - y. Let j(q) = q**3 + 5*q**2 - 12*q - 42. Let f be j(-3). Let k be (-3 - f/(-2))/(-1). Determine a(k).
12
Let m(d) = -d**3 - 7*d**2 + 30*d + 102. Let i = -881 - -872. Calculate m(i).
-6
Let r(h) be the third derivative of h**7/840 - h**6/120 + h**5/120 + 77*h**3/6 + 49*h**2. Let w(q) be the first derivative of r(q). What is w(2)?
-2
Let t be (49/147)/(2/2190). Let x = t + -369. Let s(r) = r**3 + 4*r**2 + 4*r - 1. Calculate s(x).
-17
Let a(b) = 20*b. Let v(j) = 57*j - 14. Let f(d) = 3*a(d) - v(d). Give f(-5).
-1
Let v(z) = -2*z**3 - z**2 - 4*z - 2. Let k = 7810 - 7812. Calculate v(k).
18
Let v(j) = -4*j - 5. Let d = -1096 + 1092. What is v(d)?
11
Let f = -451 - 41. Let g be f/(-82) - (1 - 2/2). Let q(m) = -2*m + 4. What is q(g)?
-8
Let b(p) = -p - 10. Let z(h) = -h**2 + 16*h + 5. Let x be z(16). Suppose 8*t = x*t. Suppose t = 2*l - 4*l - 16. Give b(l).
-2
Let p(a) be the first derivative of -a**5/30 + 11*a**4/24 - 31*a**3/3 + 216. Let t(z) be the third derivative of p(z). Give t(6).
-13
Let b = -7916 - -7913. Let p(s) = 3*s + 10. Calculate p(b).
1
Let y(w) be the first derivative of -8*w - 7*w**2 + 11/3*w**3 + 4 + 3/4*w**4. Let z(v) = v**3 - v - 1. Let s(t) = -y(t) + 4*z(t). Calculate s(10).
4
Let p(z) be the third derivative of z**6/360 + z**4/8 + z**3/3 + 7*z**2. Let f(a) be the first derivative of p(a). Let h be 63/(-105) + 6/10. Determine f(h).
3
Suppose -4*v + 38*p = 34*p + 8, 3*v + 4*p + 6 = 0. Let f(r) = -6*r + 6. Calculate f(v).
18
Let g(s) = 27*s - 11. Suppose 12 = -5*h + c, -22*h + 18*h + 2*c - 12 = 0. What is g(h)?
-65
Let c(r) = 6*r + 171. Suppose 4*s + 5*d + 429 = 333, -2*s + 4*d - 74 = 0. Determine c(s).
-3
Let x(h) = -27 + h**2 + 801*h - 785*h + h**3 - 16*h**2 - 2. Determine x(14).
-1
Suppose -89*p + 269 + 113 + 152 = 0. Let c(h) = 14*h + 3. Calculate c(p).
87
Let i(r) be the second derivative of r**5/20 + r**4/2 - 5*r**3/3 - 9*r**2/2 - 1658*r. Give i(-7).
12
Suppose -9*n + 250 = n. Let o = n + -30. Let f(p) = -p**2 - 5*p + 7. Determine f(o).
7
Suppose -4*g - 7 = 5*c, -9 = 3*c - 0. Let a(s) = 3*s**2 - 7 - g*s**2 + 0*s**2 + 6*s - s. Let h be (-10)/(-4)*(-10 + 16 - 8). Give a(h).
-7
Let y(d) be the third derivative of 7*d**4/24 - d**3/6 + 2920*d**2. What is y(6)?
41
Let s(y) be the third derivative of -y - 7/6*y**3 + 0 + 21*y**2 - 1/6*y**5 - 5/12*y**4 - 1/120*y**6. What is s(-9)?
2
Let a(d) = 12*d**2 + 23*d**2 - 8*d - 6 - 36*d**2 - 1. Let c(q) = -5*q - 66. Let k be c(-12). What is a(k)?
5
Let c(d) = -320*d - 363*d + 677*d. Let j = 3 - 1. Suppose 0 = -5*r + 3*r - j. Calculate c(r).
6
Let b(f) be the first derivative of -8*f**3/3 + 17*f**2/2 - 3*f - 1252. Calculate b(2).
-1
Suppose -4*r - 26 = 2*s, 3*s + 5*r + 9 = -26. Let x(i) = -2*i + 9*i - 64 - 4*i - 68 - 7*i + 125. Give x(s).
13
Let a(q) = -58*q**2 - 82*q + 92. Let w(s) = 22*s**2 + 28*s - 31. Let l(h) = -3*a(h) - 8*w(h). Determine l(10).
-8
Let o(p) = -5*p + 327. Let w(j) = j - 72. Let h(k) = 4*o(k) + 19*w(k). Give h(-27).
-33
Let w(k) be the first derivative of k**3/3 + 9*k**2/2 - 17*k - 1391. What is w(-7)?
-31
Let h(n) = -n**2 - 10*n - 12. Suppose -7 + 32 = 5*r, 2*f - 368 = -4*r. Let j = f + -183. What is h(j)?
-3
Let g(x) = -x**2 + 5*x + 6. Suppose -12*s + 121 = -119. Let d be (-136)/(-20) - (s/25 - 0). Give g(d).
0
Let m be (1*-1)/(5/45). Let s(l) be the second derivative of 5/3*l**3 + 5/2*l**2 + 1/20*l**5 + 0 + 5/6*l**4 + 43*l. Give s(m).
-4
Let v be 4 - 4/6*3. Suppose 5*t - 986 = -2*j, -6*j = -3*j + 2*t - 1479. Let f(r) = -j - 2*r**3 + 493 - 2*r + 2*r**2. Give f(v).
-12
Let x(g) = -2*g + 4. Let j(n) = -n**2 - 2*n - 6. Let v be j(-3). Let o be (368/(-24))/((-6)/v). Let c = o + 28. Calculate x(c).
-6
Let z(u) be the first derivative of -u**4/6 + 5*u**3/6 - 53*u**2 - 58. Let y(w) be the second derivative of z(w). Give y(-4).
21
Let y(v) =